hen 87 is divided by t?
9
Let n = 36984 - 36174. What is the remainder when n is divided by 38?
12
Let j = -251 - -286. Suppose -9*k = j*k - 10120. What is the remainder when k is divided by 77?
76
Suppose 143*a - 133*a - 16486 - 14534 = 0. Calculate the remainder when a is divided by 23.
20
What is the remainder when (-11745)/(594/(-22)) - 16 is divided by 168?
83
What is the remainder when 128 is divided by (27 + 0)/(-13 + 846/63)?
2
Suppose 4*q = q + 9. Suppose -4*j + q*h = -1, -22 = 2*j - 5*j - 2*h. Let m(z) = 92*z - 3486. Calculate the remainder when m(38) is divided by j.
2
Suppose -74*u = -3421 + 757. What is the remainder when 748 is divided by u?
28
Let u(i) = 2*i**2 + 186*i + 1325. What is the remainder when u(-7) is divided by 25?
21
Suppose -13*m + 84 = -150. Let b(f) = f**2 - 11*f - 93. Calculate the remainder when b(m) is divided by 3.
0
Let m = -17875 + 19354. What is the remainder when m is divided by 38?
35
Let m(z) = 752*z**2 - 7*z - 8. What is the remainder when m(-1) is divided by 26?
23
Let m be ((-274)/3 - (-7)/21) + 5. Let v = 424 - m. What is the remainder when v is divided by 73?
72
Let p(u) = 5*u**2 - 11*u + 13. Let t be p(6). Let h = t - 120. Calculate the remainder when 1/(-1) - 24/(-1) is divided by h.
2
Suppose l + v = 234, 3*l + 4*v - 489 = 215. Calculate the remainder when l is divided by 162.
70
Suppose -5*o + 12 = -2*o. Let x = 561 - -272. Suppose -511 = -3*d + o*c, -c + x = 5*d - 3*c. Calculate the remainder when d is divided by 28.
25
Suppose 2*w = 8 + 2. Suppose -w*m + 27 = 52. Calculate the remainder when m + 908/8 - (-1)/2 is divided by 14.
11
Let t = 91 + -5. Let g(o) = o**3 - 8*o**2 - 11*o + 55. Calculate the remainder when t is divided by g(9).
12
Let o = -95 - -89. Let c be -4 - (2060/25 - o/(-15)). What is the remainder when (c/(-6))/(4/24) is divided by 15?
11
Let j(k) = -k**2 - 6*k + 150. Let n be j(-13). Suppose 9*l - n = 94. Suppose 3*p = -p + 192. Calculate the remainder when p is divided by l.
14
Let h(s) = -5*s**3 - 130*s**2 - 30*s - 16. Calculate the remainder when h(-26) is divided by 255.
254
What is the remainder when 3284 is divided by 440/30*(6/28)/(4/28)?
6
What is the remainder when 45 is divided by 127/5 + 81/135?
19
Let n = 105 - 105. Let j = n + 17. What is the remainder when 237 is divided by j?
16
Suppose 4*c + 4 = -m, -5*m + 13*c = 17*c + 4. Suppose 0 = 3*u + 2*j - 38, 0 = u - 0*j - 2*j - 18. Calculate the remainder when 38 - 2 - (m - 3) is divided by u.
11
Let y be 0*((-12)/(-8) + -2). Let n(s) = -3*s - 17. Let g be n(-7). Suppose -q + g = -y. What is the remainder when 12 is divided by q?
0
Suppose -5*f = 20, 5*u + f - 2*f = 3734. Suppose -u = -2*y + 3*l, y + 59 = 3*l + 429. Calculate the remainder when y is divided by 29.
28
Suppose 0*q - 30 = -6*q + q. Calculate the remainder when 172 is divided by q.
4
Suppose -27926 = -461*v + 15408. What is the remainder when v is divided by ((-8)/2)/((-4)/24)?
22
Suppose -u - 5*v = 216, 3*v = 2*u + 359 + 34. Let l = u + 310. Suppose -4*s - 110 = -y - y, 2*y - 5*s = l. Calculate the remainder when y is divided by 29.
28
Let p(s) = s**3 + 12*s**2 - 46*s - 398. What is the remainder when 226 is divided by p(-13)?
9
Suppose 2*y = 2*f - 4, -4*f = -5*y - 2 - 5. Calculate the remainder when (-583)/(-33) + (-56)/126*-3 is divided by f.
1
Let m(g) = -15*g**3 - 5*g**2 - 2*g + 3. Let c be m(-2). Let k = c + -37. What is the remainder when k is divided by 37?
33
Let b(w) be the first derivative of -w**4/4 - 16*w**3/3 - 4*w**2 + 122*w - 201. Let d = 12 + 20. Calculate the remainder when d is divided by b(-15).
15
Let l(u) = -u. Let s(y) = -10*y - 13. Let z(f) = -4*l(f) - s(f). Suppose -16*g + 100 = -11*g. Calculate the remainder when z(6) is divided by g.
17
Suppose 2*x - 246 = 4*y, x + y = -x + 271. What is the remainder when 402 is divided by x?
3
Suppose 2*b + 676 = 5*y, 7*y = 3*y + b + 542. Suppose 49 = -2*i - 3*w, y = -5*i - w - 2*w. Let l = 2 - i. Calculate the remainder when 60 is divided by l.
29
Let s(p) = 9*p**2 + p - 1. Suppose -251 = -55*q + 959. What is the remainder when s(3) is divided by q?
17
Let j = -203 - -326. Suppose -2*w = -3*q - 145, -j - 220 = -5*w + q. What is the remainder when w is divided by 13?
3
Let l(d) = d**2 - 8*d + 28. Let r(f) = -35*f - 8. What is the remainder when r(-4) is divided by l(0)?
20
Suppose -4*z + 20*z + 720 = 0. Calculate the remainder when (3 + -8)/(91/z - -2) is divided by 33.
27
Suppose -5*b = 8*p - 6*p - 38, -12 = -3*b. Let x be (180/25)/(6/140). Suppose p*o + 3*o - x = 0. Calculate the remainder when 122 is divided by o.
10
Let b(k) = -k**3 - 3*k**2 + 51*k + 39. What is the remainder when b(-9) is divided by 13?
1
Let l = -3567 - -3661. What is the remainder when 1024 is divided by l?
84
Let c(a) = -a**3 + 46*a**2 + 97*a + 476. What is the remainder when c(48) is divided by 20?
4
Let k = -14311 - -14480. What is the remainder when 5069 is divided by k?
168
Suppose 66*m = 13*m - 41*m + 83284. What is the remainder when m is divided by 69?
58
Let o = -328 - -327. Let n(g) = 50*g**2 + 38*g + 39. What is the remainder when 84 is divided by n(o)?
33
Let g(y) = 8*y**3 + y + 2. Suppose 0 = 4*f - 12*f - 288 + 336. Calculate the remainder when g(3) is divided by f.
5
Suppose 3*f + 10 = m, 0*m + 2*f - 12 = -4*m. Suppose -y + i = -72, 3*y + 2*i + 68 = m*y. Calculate the remainder when y is divided by 39.
37
Suppose 6*v - 19*v = -11*v - 6. What is the remainder when ((-16)/20)/(3/(-255)) is divided by v?
2
Let i(q) be the second derivative of q**4/12 - 4*q**3/3 - 11*q**2 - 57*q. Calculate the remainder when 214 is divided by i(-5).
42
Suppose 5*b + 338*s - 165 = 340*s, 138 = 4*b - s. Suppose 3*d - 33 = -3*x, 5*x - d - 79 = 2*d. Calculate the remainder when b is divided by x.
9
Suppose -20*h + 5382 = 19*h. Suppose -b = 5*l + 3*b - 233, b = -3. Calculate the remainder when h is divided by l.
40
Suppose -27*t - 208021 + 598630 = 10*t. What is the remainder when t is divided by 32?
29
Suppose -5460 = 30*h - 74490. What is the remainder when h is divided by 43?
22
Suppose 2*l + 83 = 3*t + l, 2*t = -3*l + 70. Let q = 22 - -2. Suppose -q = -i - 9. Calculate the remainder when t is divided by i.
14
Let k = -4004 - -4235. What is the remainder when 923 is divided by k?
230
Let c(n) = -5*n**3 - 48*n**2 - 66*n + 17. What is the remainder when c(-10) is divided by 82?
57
What is the remainder when (3576 - 0) + (-26 - 600/(-25)) is divided by 24?
22
Suppose -16928 = -17*y - 29*y. Calculate the remainder when y is divided by 166.
36
Let d = -14405 + 15305. What is the remainder when d is divided by 17?
16
Calculate the remainder when 4317 is divided by ((-5)/(-15) - -10)/(3/27*3).
8
Let c(a) = 3*a - 15. Let d = -23 - -33. Let u be c(d). Calculate the remainder when 266/5 - 3/u - -1 is divided by 19.
16
Calculate the remainder when 278 is divided by ((-2)/4)/(60/(-75) + (-334)/(-420)).
68
Let c = 692 - 384. Suppose 550*s = 553*s - t - 196, -4*t = -6*s + 412. What is the remainder when c is divided by s?
60
Suppose -21*a - 204 = 133 - 2248. What is the remainder when 3911 is divided by a?
89
Let d(n) = -97*n - 445. Calculate the remainder when d(-5) is divided by 2 + 9 + 4 + (-9 - -4).
0
Let i = 673 - 172. Let a = i + -486. Let m(f) = -11*f + 6. What is the remainder when m(-6) is divided by a?
12
Suppose -r = -0*r - 22. Suppose 3*i + 376 = r. What is the remainder when (i/4)/((-1)/2) is divided by 21?
17
Let b be 43*(-1 + ((-1)/1 - -4)). Let y = -94 + b. Calculate the remainder when 109 is divided by 2 + y/2 - -30.
25
Suppose -32010 = -31*b + 21*b. Suppose -2055 = -12*f + b. Calculate the remainder when f is divided by 21.
18
Let k(c) be the third derivative of c**5/30 + c**4/6 + c**3/3 - c**2. Let b be k(-2). Suppose -11 = b*i - 17. What is the remainder when 6 is divided by i?
0
Let l(g) = -7*g**2 + g + 10. Let i be l(5). Let q be (-5)/((-15)/(-6) - 3). What is the remainder when 91 is divided by i/(-7) + q/70?
22
Let l be 14/(-7) + (-2)/2. What is the remainder when l*(-664)/(-36)*-3 is divided by 19?
14
Suppose 3*s + 6 = 0, -3*g - 3 - 8 = s. Suppose 6*i - i = 110. Calculate the remainder when i is divided by -2 + 0 - 13/3*g.
0
Suppose -169 = d + 4*b - 250, 0 = 4*d - b - 324. Calculate the remainder when d is divided 